{"id":911,"date":"2021-03-24T20:56:03","date_gmt":"2021-03-24T23:56:03","guid":{"rendered":"http:\/\/www.rendef.com.uy\/?page_id=911"},"modified":"2021-04-15T22:13:46","modified_gmt":"2021-04-16T01:13:46","slug":"politica-de-calidad","status":"publish","type":"page","link":"http:\/\/www.rendef.com.uy\/?page_id=911","title":{"rendered":"Pol\u00edtica de Calidad"},"content":{"rendered":"<p>[vc_row full_width=&#8221;stretch_row&#8221; css=&#8221;.vc_custom_1461251963283{background-color: #f4f5f7 !important;}&#8221;][vc_column width=&#8221;1\/2&#8243;][vc_empty_space height=&#8221;150px&#8221;][tt_lc_title_shortcode title=&#8221;Nuestro Objetivo&#8221; text=&#8221;Es satisfacer a nuestros clientes, comprendiendo y atendiendo todas las necesidades que estos precisan, cumpliendo en tiempo y forma con los requisitos que presentan nuestras \u00f3rdenes de trabajo.<\/p>\n<p>*Marcamos nuestras l\u00edneas productivas de tal forma que buscamos obtener la m\u00e1xima optimizaci\u00f3n y capacidad productiva.<\/p>\n<p>*Capacitaci\u00f3n constante de nuestro personal, generando superaci\u00f3n constante y mayor eficiencia en el desempe\u00f1o de cada una de las tareas que se ejercen en nuestras diferentes \u00e1reas laborales.<\/p>\n<p>*Estandarizaci\u00f3n productiva, obteniendo continuidad en la calidad de nuestros productos y los resultados deseados de estos mismos.<\/p>\n<p>*Responsabilidad laboral, evitando accidentes y cuid\u00e1ndonos unos a los otros.&#8221; css=&#8221;.vc_custom_1618535624561{background-position: center !important;background-repeat: no-repeat !important;background-size: contain !important;}&#8221;][\/vc_column][vc_column width=&#8221;1\/2&#8243;][vc_empty_space height=&#8221;150px&#8221;][vc_single_image image=&#8221;967&#8243; img_size=&#8221;large&#8221; alignment=&#8221;right&#8221; style=&#8221;vc_box_shadow_border&#8221; css_animation=&#8221;fadeIn&#8221;][\/vc_column][\/vc_row][vc_row][vc_column][vc_empty_space height=&#8221;50px&#8221;][\/vc_column][\/vc_row]<\/p>\n","protected":false},"excerpt":{"rendered":"<p>[vc_row full_width=&#8221;stretch_row&#8221; css=&#8221;.vc_custom_1461251963283{background-color: #f4f5f7 !important;}&#8221;][vc_column width=&#8221;1\/2&#8243;][vc_empty_space height=&#8221;150px&#8221;][tt_lc_title_shortcode title=&#8221;Nuestro Objetivo&#8221; text=&#8221;Es satisfacer a nuestros clientes, comprendiendo y atendiendo todas las necesidades que estos precisan, cumpliendo en tiempo y forma con los requisitos que presentan nuestras \u00f3rdenes de trabajo. *Marcamos nuestras l\u00edneas productivas de tal forma que buscamos obtener la m\u00e1xima optimizaci\u00f3n y capacidad productiva. *Capacitaci\u00f3n constante [&hellip;]<\/p>\n","protected":false},"author":1,"featured_media":0,"parent":0,"menu_order":0,"comment_status":"closed","ping_status":"closed","template":"","meta":[],"_links":{"self":[{"href":"http:\/\/www.rendef.com.uy\/index.php?rest_route=\/wp\/v2\/pages\/911"}],"collection":[{"href":"http:\/\/www.rendef.com.uy\/index.php?rest_route=\/wp\/v2\/pages"}],"about":[{"href":"http:\/\/www.rendef.com.uy\/index.php?rest_route=\/wp\/v2\/types\/page"}],"author":[{"embeddable":true,"href":"http:\/\/www.rendef.com.uy\/index.php?rest_route=\/wp\/v2\/users\/1"}],"replies":[{"embeddable":true,"href":"http:\/\/www.rendef.com.uy\/index.php?rest_route=%2Fwp%2Fv2%2Fcomments&post=911"}],"version-history":[{"count":11,"href":"http:\/\/www.rendef.com.uy\/index.php?rest_route=\/wp\/v2\/pages\/911\/revisions"}],"predecessor-version":[{"id":1032,"href":"http:\/\/www.rendef.com.uy\/index.php?rest_route=\/wp\/v2\/pages\/911\/revisions\/1032"}],"wp:attachment":[{"href":"http:\/\/www.rendef.com.uy\/index.php?rest_route=%2Fwp%2Fv2%2Fmedia&parent=911"}],"curies":[{"name":"wp","href":"https:\/\/api.w.org\/{rel}","templated":true}]}}