{"id":914,"date":"2021-03-24T20:57:44","date_gmt":"2021-03-24T23:57:44","guid":{"rendered":"http:\/\/www.rendef.com.uy\/?page_id=914"},"modified":"2021-04-15T21:53:54","modified_gmt":"2021-04-16T00:53:54","slug":"reciclaje","status":"publish","type":"page","link":"http:\/\/www.rendef.com.uy\/?page_id=914","title":{"rendered":"Reciclaje"},"content":{"rendered":"<p>[vc_row full_width=&#8221;stretch_row&#8221; css=&#8221;.vc_custom_1461251963283{background-color: #f4f5f7 !important;}&#8221;][vc_column width=&#8221;1\/2&#8243;][vc_empty_space height=&#8221;150px&#8221;][tt_lc_title_shortcode title=&#8221;Compromiso con el medio ambiente&#8221; text=&#8221;Estamos enfocados y abocados hacia el concepto de las 3R (Reusar, Reutilizar, Reciclar), de manera tal que dentro de nuestro predio se construir\u00e1 una segunda planta enfocada exclusivamente a la realizaci\u00f3n de estos tres conceptos. Reusando, reutilizando y reciclando los \u201cdesperdicios\u201d de nuestra producci\u00f3n y as\u00ed de esta forma poder generar nuevos productos con la utilizaci\u00f3n de estos.<br \/>\nContamos con la maquinaria necesaria para realizar esta tarea, con una alta capacidad de producci\u00f3n, lo que nos va a permitir obtener y recibir \u201c desperdicios\u201d de terceros con el fin de ofrecer nuestro compromiso y responsabilidad empresarial.&#8221; css=&#8221;.vc_custom_1616630261351{background-position: center !important;background-repeat: no-repeat !important;background-size: contain !important;}&#8221;][\/vc_column][vc_column width=&#8221;1\/2&#8243;][vc_empty_space height=&#8221;150px&#8221;][vc_single_image source=&#8221;external_link&#8221; external_img_size=&#8221;350&#215;300&#8243; alignment=&#8221;right&#8221; css_animation=&#8221;fadeIn&#8221; custom_src=&#8221;https:\/\/eacnur.org\/blog\/wp-content\/uploads\/2017\/02\/signo-de-reciclaje.jpg&#8221;][\/vc_column][\/vc_row][vc_row][vc_column type=&#8221;none&#8221;][vc_empty_space height=&#8221;45px&#8221;][\/vc_column][\/vc_row]<\/p>\n","protected":false},"excerpt":{"rendered":"<p>[vc_row full_width=&#8221;stretch_row&#8221; css=&#8221;.vc_custom_1461251963283{background-color: #f4f5f7 !important;}&#8221;][vc_column width=&#8221;1\/2&#8243;][vc_empty_space height=&#8221;150px&#8221;][tt_lc_title_shortcode title=&#8221;Compromiso con el medio ambiente&#8221; text=&#8221;Estamos enfocados y abocados hacia el concepto de las 3R (Reusar, Reutilizar, Reciclar), de manera tal que dentro de nuestro predio se construir\u00e1 una segunda planta enfocada exclusivamente a la realizaci\u00f3n de estos tres conceptos. Reusando, reutilizando y reciclando los \u201cdesperdicios\u201d de nuestra [&hellip;]<\/p>\n","protected":false},"author":1,"featured_media":0,"parent":0,"menu_order":0,"comment_status":"closed","ping_status":"closed","template":"","meta":[],"_links":{"self":[{"href":"http:\/\/www.rendef.com.uy\/index.php?rest_route=\/wp\/v2\/pages\/914"}],"collection":[{"href":"http:\/\/www.rendef.com.uy\/index.php?rest_route=\/wp\/v2\/pages"}],"about":[{"href":"http:\/\/www.rendef.com.uy\/index.php?rest_route=\/wp\/v2\/types\/page"}],"author":[{"embeddable":true,"href":"http:\/\/www.rendef.com.uy\/index.php?rest_route=\/wp\/v2\/users\/1"}],"replies":[{"embeddable":true,"href":"http:\/\/www.rendef.com.uy\/index.php?rest_route=%2Fwp%2Fv2%2Fcomments&post=914"}],"version-history":[{"count":11,"href":"http:\/\/www.rendef.com.uy\/index.php?rest_route=\/wp\/v2\/pages\/914\/revisions"}],"predecessor-version":[{"id":1026,"href":"http:\/\/www.rendef.com.uy\/index.php?rest_route=\/wp\/v2\/pages\/914\/revisions\/1026"}],"wp:attachment":[{"href":"http:\/\/www.rendef.com.uy\/index.php?rest_route=%2Fwp%2Fv2%2Fmedia&parent=914"}],"curies":[{"name":"wp","href":"https:\/\/api.w.org\/{rel}","templated":true}]}}